 be (4/(-6))/(4/(-6)). Let z(x) = -x**2 - 6*x - 6. Let m be z(-5). List the prime factors of (2 + m)/g + 11.
2, 3
What are the prime factors of (0 - 2)/((36/802)/(-9))?
401
What are the prime factors of 506*5/20*2?
11, 23
Let z(j) = 3*j - 13. Let c(d) = 4*d - 13. Let v(r) = 4*c(r) - 5*z(r). List the prime factors of v(13).
2, 13
Let m = 293 + -109. List the prime factors of m.
2, 23
Let l be (6/8)/(1/(-24)). What are the prime factors of ((-2)/3)/(2/l)?
2, 3
What are the prime factors of (-45 + 1)*(2 - (-44)/(-16))?
3, 11
Let v be (-1)/(-4 - 150/(-38)). Suppose c = i - 2*c - 12, i - v = -4*c. What are the prime factors of i?
3, 5
Let a be (-1 + 40)*2/3. Let c(m) = -14*m**3 - m. Let s be c(-1). Let k = a - s. What are the prime factors of k?
11
Let i(d) = -d**3 + d**2 + d - 1. Let c(n) = 7*n**3 - 6*n**2 - 8*n + 7. Let a(z) = c(z) + 5*i(z). Let h = -3 - -5. What are the prime factors of a(h)?
2
Let w = 182 + -69. What are the prime factors of w?
113
Let u(c) = -c**3 - 8*c**2 - 3*c - 6. Let s = -62 - -126. Let w be (3/(-2))/(12/s). List the prime factors of u(w).
2, 3
Let k = -91 - -166. List the prime factors of k.
3, 5
Suppose n + 25 = 3*n - u, 2*n = -2*u + 28. Suppose -3*q - 3*h - n = -8*q, 0 = -4*q + h + 16. What are the prime factors of q?
5
Let l = 9 + 11. Let t = l + -5. List the prime factors of t.
3, 5
Suppose -4*l = 3*l - 210. List the prime factors of l.
2, 3, 5
Let i = -3 - -3. Suppose -b + 3 - 1 = i. List the prime factors of (-2)/(1/((-3)/b)).
3
List the prime factors of ((-8)/12)/((-2)/69).
23
Suppose -4*h = -7*h. Suppose -x + 0*x = h. Suppose x*z + z = 4. What are the prime factors of z?
2
Let w(j) = j**3 + 6*j**2 - 8*j + 6. List the prime factors of w(-6).
2, 3
Suppose -3*p + a = -78, -2*p = -5*p + 4*a + 78. Suppose -p - 7 = -3*x. Suppose -3*j - x = -68. List the prime factors of j.
19
Let s be 3/((3 + -2)/1). Suppose 0 = -5*j - 2*v + 48, -10 = s*j + 2*v - 38. Let b = -1 + j. List the prime factors of b.
3
Let b(u) = -3*u + 3*u - 15 - 3*u. What are the prime factors of b(-12)?
3, 7
Let c be (-2)/10 + (-84)/(-20). Let u be (c + -1 - 2)*-1. List the prime factors of (-3 - -2)*(u - 9).
2, 5
List the prime factors of (4 - 1)*(-13 + 16).
3
Suppose 0 = f + 2*f - 2*m - 14, 3*f + 5*m = 28. Suppose -k = -f*k. Suppose 5*d + v - 43 = -k*d, 5*v = 4*d - 46. List the prime factors of d.
3
Let o(b) = 2*b + 105. What are the prime factors of o(0)?
3, 5, 7
Let v = -14 + 92. What are the prime factors of v?
2, 3, 13
What are the prime factors of (-415)/(-4) - (2 - 9)/28?
2, 13
Suppose 2*p + t - 8 = 0, t + t = 0. What are the prime factors of p?
2
List the prime factors of -2 + 2 - (-36 - 0 - 1).
37
List the prime factors of 164 - ((-16)/104 + (-30)/(-26)).
163
Let j(i) = -2*i - 2. Let g be j(3). Let d(s) = s**2 + 9*s. Let c be d(g). What are the prime factors of (-1)/(-2) + (-20)/c?
3
Let y = -13 + 23. Let o = 7 + y. List the prime factors of o.
17
Suppose -2 - 4 = -2*x. Suppose 4*b = 3*h - 12, -x*h + 1 - 10 = 3*b. What are the prime factors of (1 + -3 + h)*-1?
2
Let k be (-5)/((-15)/246) - 4. Let b = -33 + k. What are the prime factors of b?
3, 5
Suppose -3*q = -16 - 59. Let x(f) = -8*f. Let m be x(2). Let h = q + m. What are the prime factors of h?
3
Let q = 10 + -6. Let t = q - 5. List the prime factors of (0 + -1)*3*t.
3
Let w(d) = -d**3 - 17*d**2 - 21*d - 25. List the prime factors of w(-17).
2, 83
Let c = 9 + -7. Suppose c - 18 = 4*y, 5*q - 44 = y. List the prime factors of q.
2
Suppose -z = 3*c - 176, 0*z - 2*z - 104 = -2*c. List the prime factors of c.
3, 19
Let i(l) = l - 3. Let h be i(7). Suppose 3*q - h*u - 9 = 0, 0 = -2*q + 2*u - 3*u + 6. List the prime factors of q.
3
Suppose -5*d + 3*q + q + 399 = 0, -5*d + q = -411. List the prime factors of d.
83
Let f be (-3)/(3/11)*1. Let b = f + 25. What are the prime factors of b?
2, 7
Let k(i) = -i**2 + 4*i + 3. Let c be k(5). Suppose 0*s = s - 12. Let z = s + c. List the prime factors of z.
2, 5
Let i be 1/(1/2) - -1. Suppose -i*q + 7*q - 4*c = -52, -q = -5*c + 29. Let o = q - -16. What are the prime factors of o?
7
Let c = -4 + 1. Let s = c - -3. Let h(m) = -m**2 - m + 8. List the prime factors of h(s).
2
Let s(l) be the second derivative of -3*l**5/20 + l**4/6 + l**3/6 - l. Suppose -5*f - 4*c = -f - 12, c = f + 5. List the prime factors of s(f).
2
Suppose -774 = -5*g + 4*w - 227, 5*g - 3*w = 544. What are the prime factors of g?
107
Suppose 5*c = -0*c - 25. Suppose 3*p + 25 = -2*i, -p - p = -4*i - 90. Let d = c - i. What are the prime factors of d?
3, 5
Suppose -29 = -z + 9. Suppose 3*b + r - 44 = 0, 3*b + 5*r - z = b. List the prime factors of b.
2, 7
Suppose 0 = 2*f + 2*h + 2, f + 1 = -2*h + 3*h. List the prime factors of 8 + f - (-21)/7.
2, 5
Suppose -3*j = -5*o + 2*j - 20, -2*o - 8 = 3*j. Let z(h) = 43 - 2*h**2 - h**3 + 4*h - 20 - 26. List the prime factors of z(o).
13
Suppose 0 = -3*l + 6*l. Let g = 3 - l. Suppose o + 4*f + 6 = 0, 3*f + 2*f - 10 = -g*o. What are the prime factors of o?
2, 5
Let o(f) = -f**3 - 6*f**2 - 4*f + 3. Let g be o(-5). What are the prime factors of g/(-6) - (-150)/9?
17
Let y(f) = -4*f. Let v(a) = a + 7. Let h be v(-5). Let b be y(h). List the prime factors of 0/(-1) + (2 - b).
2, 5
Let t(d) = 19*d - 1. Let o be t(4). Let r = o + -20. List the prime factors of r.
5, 11
Let i(n) = -6*n + 4. Suppose 0 = -2*h - 5 - 1. What are the prime factors of i(h)?
2, 11
Suppose 6 = -2*n + 4*j, -15 = -5*n + 2*j - 6. Let k = 6 - n. List the prime factors of ((-2)/(-10) - k)*-5.
2, 7
Let k(r) = 4*r - 3. Let v be k(-3). Let w = v + -2. Let u = 24 + w. What are the prime factors of u?
7
Let q(y) = y**2 - 11*y + 8. Let s be q(8). List the prime factors of (-51)/(-4)*s/(-6).
2, 17
Suppose -4*b - 44 = 5*v, -b + 4*b = -3*v - 36. List the prime factors of (-308)/b - 1/4.
19
Let t = 12 + 38. Let v = t - 36. List the prime factors of (6/4)/3*v.
7
Let q(z) = z**3 + 10*z**2 - 12*z + 9. Let j be q(-11). Let x = 41 - j. What are the prime factors of x?
3, 7
Let n(d) = d**3 + 3*d**2 - 2*d + 3. Suppose -3 = y + 3*f - 0, 2*y = f - 6. Let r be n(y). Suppose -r = -2*h + 3. List the prime factors of h.
2, 3
Let f(b) = b + 12. Let u be f(0). Suppose 0 = 3*d - u, -4*l - d = -0*d - 4. List the prime factors of (l + (-2)/4)*-26.
13
Let i(q) be the second derivative of -q**3/2 - q**2/2 + 2*q. List the prime factors of i(-3).
2
Let j = 17 - -7. What are the prime factors of j?
2, 3
Suppose 0*r = 3*m + 2*r - 1, -m - 5*r + 9 = 0. Let f(s) = -5*s**2 + s + 1. Let j be f(m). List the prime factors of 9 + j/((-5)/(-2)).
7
Let y = 285 - 187. List the prime factors of y.
2, 7
Let k = -7 - -5. Let x(c) = -2*c + 1. What are the prime factors of x(k)?
5
Let w be 1/(-5) + (-72)/40. List the prime factors of w/(-3) + 256/12.
2, 11
Suppose a + 4*n = 5*n - 8, 4*a - n + 26 = 0. Let u = -8 - a. List the prime factors of 1 + u + -1 - -5.
3
Let a(j) = j**3 + j**2 - 1. Let g(v) = -4*v**3 + 4*v**2 + 7*v - 1. Let z(q) = 5*a(q) + g(q). List the prime factors of z(-8).
2
Let y(c) be the first derivative of 18*c + 1/2*c**2 - 4 + 1/3*c**3. List the prime factors of y(0).
2, 3
Suppose h = -5*z + 9*z - 2531, -h = -5*z + 3165. Suppose 0 = -4*y + k - 179 + z, 0 = y - 2*k - 105. Suppose y = d + 4*d. List the prime factors of d.
23
Let f be 1 - 3*-3 - 2. Let k be (4/f)/(1/10). Suppose -91 + 16 = -k*o. What are the prime factors of o?
3, 5
Let n = -11 + 2. What are the prime factors of (-3)/n + 62/3?
3, 7
Suppose 2*q - v - 17 = 0, -5*q = 3*v - 0*v - 15. Let o = 11 - q. Suppose 4*b + 0*x - 59 = -o*x, -26 = -b - 5*x. List the prime factors of b.
11
Let p be ((-4)/(-10))/((-1)/20). Let m = p - -25. Let j = m + -10. List the prime factors of j.
7
Let s(b) = 2*b**2 + 16*b - 7. Let o(k) = k**2 + 1. Let x be o(2). Let l(q) = q**2 + 8*q - 4. Let f(n) = x*l(n) - 3*s(n). What are the prime factors of f(-6)?
13
Let c(l) = l**3 - 5*l**2 + 6. Let a be c(5). Suppose 4*t = 6*t - a. What are the prime factors of t?
3
Let f(u) = -8*u - 5. Let h be f(-5). Let w = 20 - h. List the prime factors of (-144)/w + (-2)/(-5).
2, 5
Suppose -5*t + 20 = 0, 3*h - 2 = 4*t - 0. Let m(o) = -o**2 + 9*o - 8. List the prime factors of m(h).
2, 5
Let r(u) = 2*u**2 - 15*u + 13. List the prime factors of r(9).
2, 5
Suppose 7*j - 3*j = 2*d - 212, -491 = -5*d - 3*j. Supp